{"id":56,"date":"2021-03-15T14:01:10","date_gmt":"2021-03-15T14:01:10","guid":{"rendered":"https:\/\/wilke-gitarrenlabor.de\/?page_id=56"},"modified":"2025-01-10T19:24:46","modified_gmt":"2025-01-10T19:24:46","slug":"klassikgitarre-typ-1","status":"publish","type":"page","link":"https:\/\/wilke-gitarrenlabor.de\/?page_id=56","title":{"rendered":"Klassikgitarre Modell 1"},"content":{"rendered":"\n<p>Diese von mir, nach meinem Entwurf gebauten Klassikgitarren, orientieren sich an der Bauform, die <a href=\"https:\/\/de.wikipedia.org\/wiki\/Antonio_de_Torres\" target=\"_blank\" rel=\"noreferrer noopener\">Antonio de Torres Jurado<\/a> etabliert hat. Sie orientieren sich speziell an den Ma\u00dfen einer Gitarre von <a href=\"https:\/\/www.burguet.com\/\" target=\"_blank\" rel=\"noreferrer noopener\">Amalio Burguet<\/a>, die ich 1989 in Stuttgart gekauft habe, sowie an Details aus dem Buch &#8222;Guitarmaking &#8211; Tradition and Technologie&#8220; von <a href=\"https:\/\/www.buecher.de\/shop\/musik\/guitarmaking-tradition-and-technology-a-complete-reference-for-the-design--construction-of-the-steel-string-folk\/-\/products_products\/detail\/prod_id\/13845170\/\" target=\"_blank\" rel=\"noreferrer noopener\">W. R. Cumpiano and J. D. Natelson<\/a>. Die Gitarren sind in der spanischen Bauweise gebaut und haben eine F\u00e4cherbeleistung mit sieben Leisten. Da jede von mir gebaute Gitarre individuell ist, sind auch alle Ma\u00dfe und sonstige Ausstattungsmerkmale individuell w\u00e4hlbar. Die folgende Liste zeigt die Ma\u00dfe und Merkmale der Gitarre &#8222;Prototyp 1 KG Modell 1&#8220;, die unter dem n\u00e4chsten Men\u00fcpunk detailliert beschrieben wird. Die Ma\u00dfe entsprechen sehr \u00fcblichen Ma\u00dfen f\u00fcr Klassikgitarren, die man fast als  &#8222;StandardMa\u00dfe&#8220; bezeichnen kann.  <\/p>\n\n\n\n<ul id=\"block-dc16eb5f-a313-4ad5-9d15-6d0d4174b0c9\" class=\"wp-block-list\">\n<li>Mensur: 650 mm<\/li>\n\n\n\n<li>Halsbreite am Sattel: 52 mm<\/li>\n\n\n\n<li>Saitenabstand am Sattel: 9 mm<\/li>\n\n\n\n<li>Halsbreite beim 12ten Bund: 63 mm<\/li>\n\n\n\n<li>Saitenabstand am 12ten Bund: 10,2 mm<\/li>\n\n\n\n<li>Anzahl B\u00fcnde: 19 <\/li>\n\n\n\n<li>Decke: Fichte (Picea abis) A-Qualit\u00e4t, massiv<\/li>\n\n\n\n<li>Boden und Zargen: Mahagoni, massiv<\/li>\n\n\n\n<li>Beleistung: F\u00e4cherbeleistung, sieben Leisten, Fichte, stehende Jahresringe<\/li>\n\n\n\n<li>Randeinlagen: Ahorn schwarz\/wei\u00df\/schwarz, ABS Kunststoff, wei\u00df<\/li>\n\n\n\n<li>Rosette: Holzmosaik<\/li>\n\n\n\n<li>Hals: Cedro, massiv, nicht gesperrt<\/li>\n\n\n\n<li>Griffbrett: Palisander<\/li>\n\n\n\n<li>Kopfplatte: Palisander<\/li>\n\n\n\n<li>Steg: Palisander<\/li>\n\n\n\n<li>Stegeinlage: Knochen<\/li>\n\n\n\n<li>Sattel: Knochen<\/li>\n\n\n\n<li>Mechaniken: Rubner 150-100 Standard<\/li>\n\n\n\n<li>Gewicht: 1590 Gramm<\/li>\n<\/ul>\n\n\n\n<p>Konstruktionsdetails und weitere Infos zu den einzelnen von mir gebauten Gitarren gibt es auf den Untermen\u00fcseiten, zu denen Sie auch aus der unten stehenden Liste gelangen.<\/p>\n\n\n\n<p>Hier sind alle von mir gebauten <strong>Klassikgitarren des Modells 1<\/strong> aufgelistet:<\/p>\n\n\n\n<ul class=\"wp-block-list\">\n<li><a href=\"https:\/\/wilke-gitarrenlabor.de\/?page_id=61\" target=\"_blank\" rel=\"noreferrer noopener\">Prototyp 1<\/a>  <\/li>\n<\/ul>\n\n\n\n<p><\/p>\n","protected":false},"excerpt":{"rendered":"<p>Diese von mir, nach meinem Entwurf gebauten Klassikgitarren, orientieren sich an der Bauform, die Antonio de Torres Jurado etabliert hat. Sie orientieren sich speziell an den Ma\u00dfen einer Gitarre von Amalio Burguet, die ich 1989 in Stuttgart gekauft habe, sowie an Details aus dem Buch &#8222;Guitarmaking &#8211; Tradition and Technologie&#8220; von W. R. Cumpiano and &hellip; <a href=\"https:\/\/wilke-gitarrenlabor.de\/?page_id=56\" class=\"more-link\"><span class=\"screen-reader-text\">Klassikgitarre Modell 1<\/span> weiterlesen <span class=\"meta-nav\">&rarr;<\/span><\/a><\/p>\n","protected":false},"author":1,"featured_media":0,"parent":0,"menu_order":0,"comment_status":"closed","ping_status":"closed","template":"","meta":{"footnotes":""},"class_list":["post-56","page","type-page","status-publish","hentry"],"_links":{"self":[{"href":"https:\/\/wilke-gitarrenlabor.de\/index.php?rest_route=\/wp\/v2\/pages\/56","targetHints":{"allow":["GET"]}}],"collection":[{"href":"https:\/\/wilke-gitarrenlabor.de\/index.php?rest_route=\/wp\/v2\/pages"}],"about":[{"href":"https:\/\/wilke-gitarrenlabor.de\/index.php?rest_route=\/wp\/v2\/types\/page"}],"author":[{"embeddable":true,"href":"https:\/\/wilke-gitarrenlabor.de\/index.php?rest_route=\/wp\/v2\/users\/1"}],"replies":[{"embeddable":true,"href":"https:\/\/wilke-gitarrenlabor.de\/index.php?rest_route=%2Fwp%2Fv2%2Fcomments&post=56"}],"version-history":[{"count":15,"href":"https:\/\/wilke-gitarrenlabor.de\/index.php?rest_route=\/wp\/v2\/pages\/56\/revisions"}],"predecessor-version":[{"id":977,"href":"https:\/\/wilke-gitarrenlabor.de\/index.php?rest_route=\/wp\/v2\/pages\/56\/revisions\/977"}],"wp:attachment":[{"href":"https:\/\/wilke-gitarrenlabor.de\/index.php?rest_route=%2Fwp%2Fv2%2Fmedia&parent=56"}],"curies":[{"name":"wp","href":"https:\/\/api.w.org\/{rel}","templated":true}]}}