{"id":501,"date":"2026-04-12T15:20:12","date_gmt":"2026-04-12T15:20:12","guid":{"rendered":"https:\/\/wilke-gitarrenlabor.de\/?page_id=501"},"modified":"2026-04-12T15:20:12","modified_gmt":"2026-04-12T15:20:12","slug":"ergonomie-der-gitarre","status":"publish","type":"page","link":"https:\/\/wilke-gitarrenlabor.de\/?page_id=501","title":{"rendered":"Ergonomie der Gitarre"},"content":{"rendered":"\n<p>Gitarrenspielen sollte nur Spa\u00df machen! Dazu geh\u00f6rt auch, dass nichts weh tun sollte, wenn man Gitarrenspielen \u00fcbt oder den ganzen Abend Gitarre spielt. Das beginnt bei schmerzenden Fingerkuppen, wenn Anf\u00e4nger oder Anf\u00e4ngerinnen auf billigen Gitarren mit viel zu hoher Saitenlage und wom\u00f6glich noch mit Stahlsaiten versuchen wohlklingende Akkorde zu erzeugen. Es sollten aber auch langfristige Haltungssch\u00e4den vermieden werden, die bei viel spielenden Musizierenden auftreten, wie sie h\u00e4ufig bei Geige oder Querfl\u00f6te Spielenden vorkommen. <\/p>\n\n\n\n<p>Es geht also darum, Gitarren so zu bauen, dass von Anfang an m\u00f6glichst nichts Gitarrespielerinnen und Gitarrenspieler davon abh\u00e4lt, sich dem Instrument weiter zu widmen. Nat\u00fcrlich geh\u00f6rt dazu auch, dass m\u00f6glichst mit den ersten Spiel-Versuchen gute Kl\u00e4nge entstehen, was mit den klanglichen Eigenschaften der Gitarre zu tun hat, insbesondere mit der Intonation.<\/p>\n\n\n\n<p><\/p>\n","protected":false},"excerpt":{"rendered":"<p>Gitarrenspielen sollte nur Spa\u00df machen! Dazu geh\u00f6rt auch, dass nichts weh tun sollte, wenn man Gitarrenspielen \u00fcbt oder den ganzen Abend Gitarre spielt. Das beginnt bei schmerzenden Fingerkuppen, wenn Anf\u00e4nger oder Anf\u00e4ngerinnen auf billigen Gitarren mit viel zu hoher Saitenlage und wom\u00f6glich noch mit Stahlsaiten versuchen wohlklingende Akkorde zu erzeugen. Es sollten aber auch langfristige &hellip; <a href=\"https:\/\/wilke-gitarrenlabor.de\/?page_id=501\" class=\"more-link\"><span class=\"screen-reader-text\">Ergonomie der Gitarre<\/span> weiterlesen <span class=\"meta-nav\">&rarr;<\/span><\/a><\/p>\n","protected":false},"author":1,"featured_media":0,"parent":27,"menu_order":0,"comment_status":"closed","ping_status":"closed","template":"","meta":{"footnotes":""},"class_list":["post-501","page","type-page","status-publish","hentry"],"_links":{"self":[{"href":"https:\/\/wilke-gitarrenlabor.de\/index.php?rest_route=\/wp\/v2\/pages\/501","targetHints":{"allow":["GET"]}}],"collection":[{"href":"https:\/\/wilke-gitarrenlabor.de\/index.php?rest_route=\/wp\/v2\/pages"}],"about":[{"href":"https:\/\/wilke-gitarrenlabor.de\/index.php?rest_route=\/wp\/v2\/types\/page"}],"author":[{"embeddable":true,"href":"https:\/\/wilke-gitarrenlabor.de\/index.php?rest_route=\/wp\/v2\/users\/1"}],"replies":[{"embeddable":true,"href":"https:\/\/wilke-gitarrenlabor.de\/index.php?rest_route=%2Fwp%2Fv2%2Fcomments&post=501"}],"version-history":[{"count":2,"href":"https:\/\/wilke-gitarrenlabor.de\/index.php?rest_route=\/wp\/v2\/pages\/501\/revisions"}],"predecessor-version":[{"id":1012,"href":"https:\/\/wilke-gitarrenlabor.de\/index.php?rest_route=\/wp\/v2\/pages\/501\/revisions\/1012"}],"up":[{"embeddable":true,"href":"https:\/\/wilke-gitarrenlabor.de\/index.php?rest_route=\/wp\/v2\/pages\/27"}],"wp:attachment":[{"href":"https:\/\/wilke-gitarrenlabor.de\/index.php?rest_route=%2Fwp%2Fv2%2Fmedia&parent=501"}],"curies":[{"name":"wp","href":"https:\/\/api.w.org\/{rel}","templated":true}]}}