{"id":328,"date":"2021-03-24T18:12:24","date_gmt":"2021-03-24T18:12:24","guid":{"rendered":"https:\/\/wilke-gitarrenlabor.de\/?page_id=328"},"modified":"2021-03-24T18:12:24","modified_gmt":"2021-03-24T18:12:24","slug":"decken","status":"publish","type":"page","link":"https:\/\/wilke-gitarrenlabor.de\/?page_id=328","title":{"rendered":"Decken"},"content":{"rendered":"\n<p>Die Gitarrendecke ist der wichtigste klangerzeugende Teil einer Gitarre. Die meisten klassischen Gitarren haben eine Decke aus einer Fichtenart oder aus Zedernholz, dem man einen etwas w\u00e4rmeren Klang nachsagt. Die Decke soll gut schwingen k\u00f6nnen, m\u00f6glichst \u00fcber das ganze Spektrum der T\u00f6ne, und gleichzeitig statisch stabil sein. Deshalb werden die Decken einerseits leicht und meistens d\u00fcnn gestaltet und bekommen zur Stabilisierung Leisten, die auf die Innenseite der Decke geleimt werden. Ein Beispiel f\u00fcr h\u00e4ufig gebaute Klassikgitarrendecken, die sich an der Torres- Beleistung orientiert ist in diesem <a href=\"https:\/\/www.youtube.com\/watch?v=ig5gJ6gubTc\" target=\"_blank\" rel=\"noreferrer noopener\">Video <\/a>zu sehen.<\/p>\n","protected":false},"excerpt":{"rendered":"<p>Die Gitarrendecke ist der wichtigste klangerzeugende Teil einer Gitarre. Die meisten klassischen Gitarren haben eine Decke aus einer Fichtenart oder aus Zedernholz, dem man einen etwas w\u00e4rmeren Klang nachsagt. Die Decke soll gut schwingen k\u00f6nnen, m\u00f6glichst \u00fcber das ganze Spektrum der T\u00f6ne, und gleichzeitig statisch stabil sein. Deshalb werden die Decken einerseits leicht und meistens &hellip; <a href=\"https:\/\/wilke-gitarrenlabor.de\/?page_id=328\" class=\"more-link\"><span class=\"screen-reader-text\">Decken<\/span> weiterlesen <span class=\"meta-nav\">&rarr;<\/span><\/a><\/p>\n","protected":false},"author":1,"featured_media":0,"parent":0,"menu_order":0,"comment_status":"closed","ping_status":"closed","template":"","meta":{"footnotes":""},"class_list":["post-328","page","type-page","status-publish","hentry"],"_links":{"self":[{"href":"https:\/\/wilke-gitarrenlabor.de\/index.php?rest_route=\/wp\/v2\/pages\/328","targetHints":{"allow":["GET"]}}],"collection":[{"href":"https:\/\/wilke-gitarrenlabor.de\/index.php?rest_route=\/wp\/v2\/pages"}],"about":[{"href":"https:\/\/wilke-gitarrenlabor.de\/index.php?rest_route=\/wp\/v2\/types\/page"}],"author":[{"embeddable":true,"href":"https:\/\/wilke-gitarrenlabor.de\/index.php?rest_route=\/wp\/v2\/users\/1"}],"replies":[{"embeddable":true,"href":"https:\/\/wilke-gitarrenlabor.de\/index.php?rest_route=%2Fwp%2Fv2%2Fcomments&post=328"}],"version-history":[{"count":1,"href":"https:\/\/wilke-gitarrenlabor.de\/index.php?rest_route=\/wp\/v2\/pages\/328\/revisions"}],"predecessor-version":[{"id":330,"href":"https:\/\/wilke-gitarrenlabor.de\/index.php?rest_route=\/wp\/v2\/pages\/328\/revisions\/330"}],"wp:attachment":[{"href":"https:\/\/wilke-gitarrenlabor.de\/index.php?rest_route=%2Fwp%2Fv2%2Fmedia&parent=328"}],"curies":[{"name":"wp","href":"https:\/\/api.w.org\/{rel}","templated":true}]}}