{"id":202,"date":"2021-03-18T19:38:46","date_gmt":"2021-03-18T19:38:46","guid":{"rendered":"https:\/\/wilke-gitarrenlabor.de\/?page_id=202"},"modified":"2023-11-09T16:59:23","modified_gmt":"2023-11-09T16:59:23","slug":"hoelzer-u-a","status":"publish","type":"page","link":"https:\/\/wilke-gitarrenlabor.de\/?page_id=202","title":{"rendered":"H\u00f6lzer u.a."},"content":{"rendered":"\n<p>In den Gitarrentests, die man in Gitarrenzeitschriften findet, werden die f\u00fcr die verschiedenen Teile der Gitarren verwendeten <a rel=\"noreferrer noopener\" href=\"https:\/\/www.baumkunde.de\/baumlisten\/baumliste_az.php?orderby=lat_name\" target=\"_blank\">H\u00f6lzer <\/a>akribisch aufgelistet. Auch diverse Konstruktionsmerkmale, die der Gitarrenbaumeister zusammengestellt hat, werden im Detail erl\u00e4utert. Sicher haben die H\u00f6lzer und auch die Konstruktionsmerkmale einen Einfluss auf den Klang der Gitarre. Aber was bewirkt mehr? Kann eine super Konstruktion aus beliebigen H\u00f6lzern eine hervorragende Gitarre schaffen?<\/p>\n\n\n\n<p>\u201eIn den 1850er Jahren baute der ber\u00fchmte spanische Instrumentenmacher Antonio de Torres eine Gitarre mit Boden und Zargen aus Pappmach\u00e9, um zu demonstrieren, dass ein kundiger Handwerker aus allem eine gute Gitarre zaubern kann. 1998 stellte Bob Taylor denselben Punkt unter Beweis, indem er aus h\u00f6chst ungew\u00f6hnlichen Zutaten eine wohlklingende Gitarre schuf: F\u00fcr Boden und die Zargen nahm er eine Versandpalette aus Eichenholz, die auf einem Verladedock gefunden hatte, und f\u00fcr die Decke ein von einem Bauprojekt \u00fcbrig gebliebenes Vierkantholz aus Kiefer\u201c (Teja Gerken u.a., 2003, S. 223).<\/p>\n\n\n\n<p>Bleibt festzuhalten, dass Bob Taylor f\u00fcr die Decke doch ein Holz gew\u00e4hlt hat, das Merkmale hat, die \u00fcblichen Deckenh\u00f6lzern nahe kommen: eine hohe Festigkeit l\u00e4ngs zu Faser und eine geringe quer zur Faser.<\/p>\n\n\n\n<p>Dass verschiedene H\u00f6lzer, auch wenn sie gleich geformt sind, unterschiedlich klingen, ist unbestritten und leicht \u00fcberpr\u00fcfbar. Ebenso ist sicher, dass durch die Variation von Konstruktionsmerkmalen, wie der Gr\u00f6\u00dfe des Korpus oder unterschiedliche Beleistungen der Decke bei sonst identischen Gitarren, unterschiedlich klingende Instrumente entstehen.<\/p>\n\n\n\n<p>Die verwendeten Materialien wie auch die Konstruktion tragen zum entstehenden Klang der Gitarre bei. Ihr Klang ist aber ein Ergebnis des komplexen Zusammenwirkens von allen Materialien und Konstruktionsmerkmalen jeder einzelnen Gitarre. <\/p>\n\n\n\n<p>Als Konsequenz aus diesen \u00dcberlegungen ist naheliegend, dass man f\u00fcr die authentische Auff\u00fchrung von historischer Gitarrenmusik Instrumente w\u00e4hlen sollte, die den Instrumenten in Form und Materialen nahe kommen, f\u00fcr die oder auf denen die St\u00fccke komponiert wurden. &#8230;auch wenn die alten Kompositionen auf zeitgen\u00f6ssischen Gitarren gut Klingen, wie beispielsweise das Potpourri eines <a href=\"https:\/\/www.bing.com\/videos\/riverview\/relatedvideo?q=Bourr%C3%A9es%20von%20J.%20S.%20Bach&amp;mid=A16F049DC37320DF5911A16F049DC37320DF5911&amp;ajaxhist=0\" data-type=\"link\" data-id=\"https:\/\/www.bing.com\/videos\/riverview\/relatedvideo?q=Bourr%C3%A9es%20von%20J.%20S.%20Bach&amp;mid=A16F049DC37320DF5911A16F049DC37320DF5911&amp;ajaxhist=0\">Bourr\u00e9es von J. S. Bach<\/a> auf einer Stahlsaitengitarre, <a href=\"https:\/\/music.youtube.com\/watch?v=dOlgZpQSjkQ&amp;list=OLAK5uy_lpVR9XH68CozVWemIcpMYF78YZ3TqTUTI\" target=\"_blank\" rel=\"noreferrer noopener\">gespielt von Klaus Weiland<\/a> , der auch noch gleich zwei unterschiedliche Rhythmen demonstriert.<\/p>\n\n\n\n<p> <img loading=\"lazy\" decoding=\"async\" width=\"1\" height=\"1\" src=\"https:\/\/vg05.met.vgwort.de\/na\/492c5857aa4845f1b7d3bfefdc31e587\" alt=\"\"><\/p>\n","protected":false},"excerpt":{"rendered":"<p>In den Gitarrentests, die man in Gitarrenzeitschriften findet, werden die f\u00fcr die verschiedenen Teile der Gitarren verwendeten H\u00f6lzer akribisch aufgelistet. Auch diverse Konstruktionsmerkmale, die der Gitarrenbaumeister zusammengestellt hat, werden im Detail erl\u00e4utert. Sicher haben die H\u00f6lzer und auch die Konstruktionsmerkmale einen Einfluss auf den Klang der Gitarre. Aber was bewirkt mehr? Kann eine super Konstruktion &hellip; <a href=\"https:\/\/wilke-gitarrenlabor.de\/?page_id=202\" class=\"more-link\"><span class=\"screen-reader-text\">H\u00f6lzer u.a.<\/span> weiterlesen <span class=\"meta-nav\">&rarr;<\/span><\/a><\/p>\n","protected":false},"author":1,"featured_media":0,"parent":0,"menu_order":0,"comment_status":"closed","ping_status":"closed","template":"","meta":{"footnotes":""},"class_list":["post-202","page","type-page","status-publish","hentry"],"_links":{"self":[{"href":"https:\/\/wilke-gitarrenlabor.de\/index.php?rest_route=\/wp\/v2\/pages\/202","targetHints":{"allow":["GET"]}}],"collection":[{"href":"https:\/\/wilke-gitarrenlabor.de\/index.php?rest_route=\/wp\/v2\/pages"}],"about":[{"href":"https:\/\/wilke-gitarrenlabor.de\/index.php?rest_route=\/wp\/v2\/types\/page"}],"author":[{"embeddable":true,"href":"https:\/\/wilke-gitarrenlabor.de\/index.php?rest_route=\/wp\/v2\/users\/1"}],"replies":[{"embeddable":true,"href":"https:\/\/wilke-gitarrenlabor.de\/index.php?rest_route=%2Fwp%2Fv2%2Fcomments&post=202"}],"version-history":[{"count":14,"href":"https:\/\/wilke-gitarrenlabor.de\/index.php?rest_route=\/wp\/v2\/pages\/202\/revisions"}],"predecessor-version":[{"id":765,"href":"https:\/\/wilke-gitarrenlabor.de\/index.php?rest_route=\/wp\/v2\/pages\/202\/revisions\/765"}],"wp:attachment":[{"href":"https:\/\/wilke-gitarrenlabor.de\/index.php?rest_route=%2Fwp%2Fv2%2Fmedia&parent=202"}],"curies":[{"name":"wp","href":"https:\/\/api.w.org\/{rel}","templated":true}]}}